 when 278 is divided by 72?
62
What is the remainder when 92 is divided by 31?
30
What is the remainder when 22579 is divided by 193?
191
What is the remainder when 522 is divided by 39?
15
What is the remainder when 35 is divided by 2?
1
Calculate the remainder when 1541 is divided by 7.
1
What is the remainder when 240 is divided by 89?
62
What is the remainder when 15388 is divided by 90?
88
What is the remainder when 237 is divided by 30?
27
What is the remainder when 655 is divided by 161?
11
Calculate the remainder when 1033 is divided by 37.
34
Calculate the remainder when 63 is divided by 6.
3
Calculate the remainder when 394 is divided by 66.
64
Calculate the remainder when 4882 is divided by 11.
9
Calculate the remainder when 2094 is divided by 1042.
10
Calculate the remainder when 193 is divided by 25.
18
What is the remainder when 182 is divided by 93?
89
What is the remainder when 65 is divided by 38?
27
Calculate the remainder when 131 is divided by 54.
23
What is the remainder when 265 is divided by 106?
53
What is the remainder when 989 is divided by 35?
9
What is the remainder when 454 is divided by 6?
4
Calculate the remainder when 94 is divided by 55.
39
Calculate the remainder when 252 is divided by 51.
48
Calculate the remainder when 39 is divided by 21.
18
Calculate the remainder when 77 is divided by 6.
5
What is the remainder when 88 is divided by 25?
13
Calculate the remainder when 626 is divided by 128.
114
Calculate the remainder when 1525 is divided by 8.
5
What is the remainder when 673 is divided by 144?
97
What is the remainder when 585 is divided by 163?
96
Calculate the remainder when 209 is divided by 57.
38
Calculate the remainder when 74 is divided by 23.
5
Calculate the remainder when 1346 is divided by 37.
14
What is the remainder when 252 is divided by 110?
32
What is the remainder when 802 is divided by 4?
2
Calculate the remainder when 1458 is divided by 209.
204
What is the remainder when 471 is divided by 19?
15
Calculate the remainder when 214 is divided by 10.
4
What is the remainder when 134 is divided by 15?
14
Calculate the remainder when 14084 is divided by 24.
20
What is the remainder when 773 is divided by 43?
42
Calculate the remainder when 67 is divided by 12.
7
What is the remainder when 487 is divided by 170?
147
Calculate the remainder when 165 is divided by 52.
9
Calculate the remainder when 378 is divided by 48.
42
Calculate the remainder when 7972 is divided by 2657.
1
Calculate the remainder when 3727 is divided by 33.
31
Calculate the remainder when 299 is divided by 53.
34
Calculate the remainder when 160 is divided by 36.
16
Calculate the remainder when 71 is divided by 68.
3
What is the remainder when 418 is divided by 71?
63
What is the remainder when 55 is divided by 48?
7
Calculate the remainder when 350 is divided by 40.
30
Calculate the remainder when 190 is divided by 57.
19
What is the remainder when 357 is divided by 18?
15
Calculate the remainder when 1730 is divided by 116.
106
What is the remainder when 169 is divided by 16?
9
Calculate the remainder when 96 is divided by 22.
8
What is the remainder when 79 is divided by 9?
7
What is the remainder when 29 is divided by 15?
14
Calculate the remainder when 600 is divided by 19.
11
Calculate the remainder when 156 is divided by 147.
9
What is the remainder when 3977 is divided by 200?
177
What is the remainder when 2507 is divided by 515?
447
Calculate the remainder when 1244 is divided by 112.
12
Calculate the remainder when 386 is divided by 3.
2
What is the remainder when 265 is divided by 86?
7
Calculate the remainder when 744 is divided by 163.
92
What is the remainder when 152 is divided by 140?
12
What is the remainder when 188 is divided by 59?
11
What is the remainder when 628 is divided by 128?
116
Calculate the remainder when 2187 is divided by 72.
27
What is the remainder when 2025 is divided by 13?
10
What is the remainder when 1393 is divided by 41?
40
What is the remainder when 618 is divided by 240?
138
What is the remainder when 76 is divided by 41?
35
What is the remainder when 512 is divided by 139?
95
What is the remainder when 2068 is divided by 121?
11
What is the remainder when 2911 is divided by 52?
51
Calculate the remainder when 6891 is divided by 92.
83
What is the remainder when 98 is divided by 5?
3
What is the remainder when 2184 is divided by 137?
129
Calculate the remainder when 270 is divided by 113.
44
What is the remainder when 611 is divided by 298?
15
What is the remainder when 192 is divided by 52?
36
Calculate the remainder when 3227 is divided by 4.
3
Calculate the remainder when 417 is divided by 51.
9
Calculate the remainder when 521 is divided by 176.
169
Calculate the remainder when 1907 is divided by 208.
35
What is the remainder when 235 is divided by 15?
10
Calculate the remainder when 1584 is divided by 792.
0
Calculate the remainder when 881 is divided by 26.
23
Calculate the remainder when 11593 is divided by 31.
30
Calculate the remainder when 1937 is divided by 12.
5
What is the remainder when 16335 is divided by 7?
4
What is the remainder when 208 is divided by 15?
13
Calculate the remainder when 870 is divided by 9.
6
Calculate the remainder when 191 is divided by 15.
11
Calculate the remainder when 97 is divided by 22.
9
Calculate the remainder when 15574 is divided by 24.
22
Calculate the remainder when 2374 is divided by 170.
164
What is the remainder when 2166 is divided by 25?
16
What is the remainder when 23 is divided by 9?
5
What is the remainder when 137 is divided by 47?
43
Calculate the remainder when 414 is divided by 38.
34
Calculate the remainder when 1797 is divided by 15.
12
What is the remainder when 325 is divided by 98?
31
What is the remainder when 430 is divided by 116?
82
Calculate the remainder when 189 is divided by 58.
15
What is the remainder when 1149 is divided by 12?
9
What is the remainder when 602 is divided by 101?
97
Calculate the remainder when 1126 is divided by 409.
308
What is the remainder when 47 is divided by 8?
7
What is the remainder when 1860 is divided by 98?
96
Calculate the remainder when 19 is divided by 18.
1
Calculate the remainder when 334 is divided by 31.
24
What is the remainder when 1057 is divided by 272?
241
What is the remainder when 2758 is divided by 20?
18
What is the remainder when 1045 is divided by 511?
23
What is the remainder when 38 is divided by 13?
12
What is the remainder when 56 is divided by 17?
5
Calculate the remainder when 173 is divided by 22.
19
Calculate the remainder when 413 is divided by 45.
8
Calculate the remainder when 154 is divided by 1.
0
What is the remainder when 26 is divided by 16?
10
What is the remainder when 882 is divided by 2?
0
Calculate the remainder when 358 is divided by 15.
13
Calculate the remainder when 368 is divided by 188.
180
Calculate the remainder when 654 is divided by 7.
3
What is the remainder when 4606 is divided by 12?
10
What is the remainder when 3440 is divided by 682?
30
What is the remainder when 150 is divided by 26?
20
What is the remainder when 88 is divided by 37?
14
Calculate the remainder when 12607 is divided by 197.
196
What is the remainder when 386 is divided by 9?
8
What is the remainder when 952 is divided by 4?
0
Calculate the remainder when 89 is divided by 18.
17
Calculate the remainder when 585 is divided by 98.
95
What is the remainder when 541 is divided by 55?
46
What is the remainder when 16454 is divided by 34?
32
What is the remainder when 5476 is divided by 10?
6
What is the remainder when 13798 is divided by 276?
274
Calculate the remainder when 1665 is divided by 1662.
3
Calculate the remainder when 94 is divided by 17.
9
What is the remainder when 322 is divided by 108?
106
Calculate the remainder when 616 is divided by 37.
24
What is the remainder when 216 is divided by 47?
28
Calculate the remainder when 199 is divided by 69.
61
What is the remainder when 2117 is divided by 40?
37
What is the remainder when 4209 is divided by 98?
93
What is the remainder when 257 is divided by 77?
26
Calculate the remainder when 165 is divided by 4.
1
What is the remainder when 92 is divided by 18?
2
What is the remainder when 1411 is div